{"id":3301,"date":"2023-02-17T16:24:24","date_gmt":"2023-02-17T15:24:24","guid":{"rendered":"https:\/\/footballcampagne.com\/?post_type=product&#038;p=3301"},"modified":"2024-06-10T15:36:48","modified_gmt":"2024-06-10T13:36:48","slug":"tirage-photo-stade-de-la-moisson","status":"publish","type":"product","link":"https:\/\/footballcampagne.com\/index.php\/product\/tirage-photo-stade-de-la-moisson\/","title":{"rendered":"Tirage photo \u201cStade de la Moisson\u201d"},"content":{"rendered":"<p class=\"p1\">&#8211; Tirage seul: 50x70cm, 30x45cm (dimensions photo)<br \/>\n&#8211; Tirage avec encadrement: 60x80cm, 40x50cm (dimensions cadre) \/ 50x70cm, 30x45cm (dimensions photo)<\/p>\n<p class=\"p1\">&#8211; Papier mat Hahnem\u00fcle Rag 308g<br \/>\n&#8211; Cadre noir, bois, avec passe-partout, vitre plexiglas non-cassable et r\u00e9sistante aux rayures<\/p>\n<p class=\"p1\">&#8211; Formats et supports personnalis\u00e9s disponibles sur demande : <a href=\"mailto:jeremie.roturier@gmail.com\">jeremie.roturier@gmail.com<\/a>.<\/p>\n","protected":false},"excerpt":{"rendered":"<p class=\"p1\">Ce stabilis\u00e9 rouge d\u00e9couvert dans le petit village de Choisy m\u2019a tout de suite saisi avec ses herbes poussant sur le gravier et son champ de ma\u00efs abritant une quantit\u00e9 de ballons \u00e9gar\u00e9s apr\u00e8s des frappes d\u00e9viss\u00e9es. J\u2019ai donc choisi de revenir apr\u00e8s les premi\u00e8res neiges pour immortaliser ce contraste.<\/p>\n<p class=\"p1\"><b>Stade de la Moisson<br \/>\n<\/b><\/p>\n<p class=\"p1\">Disponible en tirage seul (50&#215;75, 30&#215;45) ou avec encadrement (60&#215;80, 40&#215;50)<br \/>\nPapier Canson Infinity Photosatin 270g<br \/>\nCadre noir, bois, avec passe-partout, vitre plexiglas r\u00e9sistante aux rayures.<br \/>\nPour d\u2019autres formats ou supports, nous contacter : <a href=\"mailto:jeremie.roturier@gmail.com\"><span class=\"s1\">jeremie.roturier@gmail.com<\/span><\/a><\/p>\n","protected":false},"featured_media":3324,"comment_status":"closed","ping_status":"closed","template":"","meta":{"_eb_attr":"","episode_type":"","audio_file":"","podmotor_file_id":"","cover_image":"","cover_image_id":"","duration":"","filesize":"","filesize_raw":"","date_recorded":"","explicit":"","block":"","jetpack_post_was_ever_published":false,"jetpack_publicize_message":"","jetpack_is_tweetstorm":false,"jetpack_publicize_feature_enabled":true,"jetpack_social_post_already_shared":true,"jetpack_social_options":[]},"product_cat":[1301],"product_tag":[],"jetpack_publicize_connections":[],"aioseo_notices":[],"jetpack_sharing_enabled":true,"_links":{"self":[{"href":"https:\/\/footballcampagne.com\/index.php\/wp-json\/wp\/v2\/product\/3301"}],"collection":[{"href":"https:\/\/footballcampagne.com\/index.php\/wp-json\/wp\/v2\/product"}],"about":[{"href":"https:\/\/footballcampagne.com\/index.php\/wp-json\/wp\/v2\/types\/product"}],"replies":[{"embeddable":true,"href":"https:\/\/footballcampagne.com\/index.php\/wp-json\/wp\/v2\/comments?post=3301"}],"wp:featuredmedia":[{"embeddable":true,"href":"https:\/\/footballcampagne.com\/index.php\/wp-json\/wp\/v2\/media\/3324"}],"wp:attachment":[{"href":"https:\/\/footballcampagne.com\/index.php\/wp-json\/wp\/v2\/media?parent=3301"}],"wp:term":[{"taxonomy":"product_cat","embeddable":true,"href":"https:\/\/footballcampagne.com\/index.php\/wp-json\/wp\/v2\/product_cat?post=3301"},{"taxonomy":"product_tag","embeddable":true,"href":"https:\/\/footballcampagne.com\/index.php\/wp-json\/wp\/v2\/product_tag?post=3301"}],"curies":[{"name":"wp","href":"https:\/\/api.w.org\/{rel}","templated":true}]}}